n factor of 8 and 19217.
1
Calculate the highest common factor of 62 and 91946.
62
Calculate the highest common divisor of 231 and 22.
11
Calculate the greatest common factor of 2173 and 8159.
41
Calculate the greatest common divisor of 171304 and 112.
56
Calculate the highest common factor of 2318 and 3515.
19
Calculate the greatest common factor of 5298 and 42.
6
Calculate the highest common factor of 1024534 and 14.
14
What is the highest common divisor of 4469 and 17113?
109
Calculate the greatest common divisor of 30 and 282290.
10
Calculate the highest common factor of 7 and 233.
1
What is the greatest common divisor of 180 and 788860?
20
What is the greatest common factor of 2793 and 10773?
399
Calculate the highest common factor of 14531 and 176.
11
What is the greatest common factor of 19 and 461?
1
Calculate the greatest common factor of 510 and 45220.
170
What is the greatest common factor of 19104345 and 1105?
1105
What is the highest common factor of 8 and 1528?
8
Calculate the greatest common factor of 92127 and 62853.
861
What is the greatest common divisor of 271371 and 11271?
867
What is the greatest common divisor of 1785 and 18165?
105
Calculate the highest common factor of 22763 and 7416.
103
What is the greatest common divisor of 148719 and 15?
3
What is the highest common factor of 1184 and 450512?
592
What is the highest common factor of 36850 and 3190?
110
Calculate the greatest common divisor of 160 and 47552.
32
Calculate the highest common factor of 14313 and 312.
39
Calculate the greatest common divisor of 9867 and 604461.
429
What is the highest common factor of 2548 and 1519?
49
What is the greatest common divisor of 975 and 20410?
65
Calculate the greatest common factor of 774 and 237102.
258
Calculate the highest common divisor of 38012 and 1820.
52
What is the greatest common factor of 1850 and 80?
10
Calculate the greatest common divisor of 12 and 237340.
4
What is the highest common factor of 1819 and 3655?
17
What is the highest common factor of 6024 and 88512?
24
What is the highest common factor of 5 and 246155?
5
Calculate the greatest common factor of 12 and 412044.
12
What is the highest common factor of 40 and 485720?
40
What is the highest common divisor of 500640 and 8736?
672
What is the greatest common divisor of 237 and 60672?
237
What is the highest common divisor of 140 and 844130?
70
What is the greatest common divisor of 228 and 35625?
57
Calculate the greatest common factor of 256558 and 185.
37
Calculate the greatest common divisor of 9828 and 10368.
108
What is the highest common divisor of 517 and 77?
11
Calculate the highest common factor of 43527 and 869.
11
Calculate the greatest common divisor of 192 and 152388.
12
What is the highest common factor of 51986 and 2057?
187
Calculate the highest common divisor of 8061391 and 377.
377
What is the greatest common divisor of 668298 and 2046?
186
What is the highest common divisor of 11613 and 588?
147
What is the greatest common divisor of 225 and 17725?
25
What is the highest common divisor of 700 and 4603900?
700
Calculate the greatest common factor of 78 and 471783.
39
Calculate the highest common divisor of 26786 and 14074.
454
Calculate the highest common factor of 10 and 224885.
5
What is the highest common divisor of 7416 and 4392?
72
Calculate the greatest common divisor of 372 and 48267.
93
Calculate the greatest common divisor of 25120 and 30560.
160
What is the greatest common divisor of 6138 and 572?
22
What is the highest common factor of 111 and 4500?
3
What is the greatest common divisor of 78 and 58950?
6
What is the highest common divisor of 394 and 916247?
197
What is the greatest common factor of 352886 and 1498?
214
Calculate the greatest common factor of 33222 and 7458.
678
What is the greatest common factor of 35889 and 189?
21
What is the highest common divisor of 1227 and 6818439?
1227
What is the highest common divisor of 1539 and 418095?
513
What is the highest common factor of 7198 and 1220?
122
What is the greatest common factor of 30 and 4894730?
10
What is the highest common divisor of 6632360 and 112?
56
Calculate the highest common divisor of 41327 and 374.
187
Calculate the highest common factor of 1622370 and 3690.
1230
What is the greatest common divisor of 37582 and 4255?
23
What is the highest common divisor of 1045 and 36233?
19
Calculate the greatest common divisor of 476 and 3346.
14
Calculate the greatest common factor of 13772 and 88.
44
Calculate the greatest common divisor of 299 and 36829.
13
What is the highest common factor of 71375 and 1125?
125
What is the greatest common divisor of 3013 and 23?
23
What is the highest common divisor of 240480 and 1305?
45
Calculate the greatest common divisor of 1175 and 16685.
235
Calculate the highest common divisor of 42147 and 567.
189
Calculate the highest common factor of 2090 and 24860.
110
What is the highest common factor of 33 and 95568?
33
What is the greatest common factor of 769574 and 26?
26
Calculate the highest common factor of 102 and 6689398.
34
What is the greatest common divisor of 99621 and 9?
9
What is the greatest common divisor of 304589 and 1311?
437
What is the highest common divisor of 861970 and 4?
2
What is the highest common factor of 856 and 44576?
8
Calculate the greatest common divisor of 5889 and 152661.
453
What is the greatest common factor of 424359 and 297?
27
Calculate the highest common divisor of 122567 and 529.
23
What is the greatest common factor of 10450 and 323?
19
Calculate the greatest common divisor of 465717 and 5628.
1407
Calculate the highest common divisor of 690 and 510370.
230
Calculate the highest common factor of 9750 and 5525.
325
Calculate the highest common divisor of 374334 and 534.
534
Calculate the highest common divisor of 172477 and 207.
23
Calculate the greatest common divisor of 91735 and 679.
7
Calculate the highest common divisor of 7 and 13936195.
7
Calculate the greatest common factor of 11902 and 7348.
22
What is the greatest common factor of 3492596 and 92?
92
Calculate the highest common factor of 472 and 8.
8
What is the greatest common divisor of 826 and 753194?
118
What is the highest common factor of 2 and 18464?
2
What is the greatest common divisor of 22 and 6231775?
11
What is the highest common factor of 2190 and 39201?
219
Calculate the greatest common divisor of 2323 and 8383.
101
What is the highest common factor of 297860 and 15900?
1060
What is the greatest common factor of 324 and 218142?
18
Calculate the highest common divisor of 11 and 1162.
1
Calculate the highest common divisor of 64290 and 160.
10
Calculate the highest common divisor of 390 and 230.
10
Calculate the greatest common factor of 3 and 28221.
3
Calculate the greatest common divisor of 1881 and 561.
33
What is the highest common factor of 82336 and 996?
332
What is the greatest common factor of 86764 and 109?
109
Calculate the greatest common factor of 26 and 12077.
13
Calculate the greatest common divisor of 191245 and 115.
115
What is the greatest common divisor of 75877 and 805?
23
What is the greatest common divisor of 327275 and 17575?
475
What is the highest common divisor of 289 and 2011?
1
What is the highest common divisor of 616750 and 7750?
250
What is the highest common divisor of 322 and 103656?
14
What is the greatest common factor of 26730 and 180?
90
Calculate the highest common factor of 1840692 and 9996.
1428
What is the highest common factor of 6460 and 4828?
68
Calculate the greatest common divisor of 803488 and 49.
7
What is the greatest common factor of 6515 and 1775?
5
Calculate the greatest common factor of 16 and 394736.
16
What is the highest common divisor of 316731 and 639?
213
What is the greatest common factor of 614 and 344147?
307
What is the greatest common factor of 2457 and 1185093?
819
What is the highest common factor of 104652 and 25764?
228
Calculate the greatest common divisor of 105 and 20503.
7
Calculate the greatest common factor of 3700 and 9540450.
1850
Calculate the highest common factor of 1152 and 2772.
36
What is the highest common factor of 63 and 11929365?
63
What is the greatest common factor of 745115 and 349?
349
What is the highest common divisor of